prime factors of l(6)?
2, 3, 5
Let d(q) = 67*q - 6. Suppose 3*i = -2*r + 69, -r - 57 = -5*i + 45. Let k = -18 + i. List the prime factors of d(k).
3, 5, 13
Suppose -220 = -18*g - 58. Let j(a) = 10*a**2 - 57*a + 8. What are the prime factors of j(g)?
5, 61
Let t(s) = -284*s**3 - 10*s**2 - 10*s - 1. Let l be t(-1). Suppose 7*b - 1802 = -l. List the prime factors of b.
7, 31
Let b be 217*-3*11/(-231). Let j(p) = 67*p + 1. Let k be j(1). Let g = k - b. What are the prime factors of g?
37
Let v = 25064 - 13852. What are the prime factors of v?
2, 2803
Let i(y) = 551*y + 1289. What are the prime factors of i(20)?
3, 11, 373
Let f = 25826 - -6019. List the prime factors of f.
3, 5, 11, 193
Suppose -217*g - 4*n - 27220 = -222*g, 2*n + 16334 = 3*g. What are the prime factors of g?
2, 3, 227
Suppose 2*s - 1153 + 353 = 0. Let y = 951 - s. List the prime factors of y.
19, 29
Let k = 76 + -482. Let j = -231 - k. List the prime factors of j.
5, 7
Suppose n = 7*c - 3*c - 155, -4*c + 140 = -4*n. Let j(t) = 10 - 110 + c + 22*t. List the prime factors of j(8).
2, 29
Let r = 69130 - 46486. What are the prime factors of r/90 + (-8)/5 + 1?
251
Let l(j) be the third derivative of j**6/120 + j**5/15 - j**4/4 + 5*j**3/3 - 28*j**2. Let c be l(-7). Let b = c - -355. What are the prime factors of b?
2, 5, 13
Let j be ((-54)/21)/((-6)/28). Suppose 0 = j*q + 5 - 41. Suppose 814 = 4*r + q*p, 5*r - 1020 = -4*p - p. List the prime factors of r.
2, 101
List the prime factors of -7 + -2 - 6*-1 - -12107.
2, 17, 89
Suppose -8601 = -4*m - 16*i + 10007, 3*m = -5*i + 13893. List the prime factors of m.
2, 577
Let y(d) = 843*d**2 + 52*d + 494. What are the prime factors of y(-9)?
83, 823
Suppose 5*n + 389 = -l - 213, l - 3*n = -618. Let t = l - -932. What are the prime factors of t?
2, 5
Let z = 1797 - 1282. Let f = 1193 - z. What are the prime factors of ((12/18)/2)/(1/f)?
2, 113
Suppose 0 = 5*g + 39 + 26. Let f = g + 15. Suppose f*h - 591 = -5*c, -6*h + 4*h = c - 115. What are the prime factors of c?
7, 17
Suppose 2*j + 0*h - 4*h = 14, 3*h + 30 = -5*j. Let b be j + 0 - (-140)/(-7 - -2). Let s = 127 + b. What are the prime factors of s?
2, 3
Let i = 593 - 551. List the prime factors of 28245/i*8/5.
2, 269
Let r = -8571 - -13191. Suppose t = d + 916, 2*t = -3*t - 5*d + r. What are the prime factors of t?
2, 5, 23
Let i(j) = -j**3 + 5*j**2 - j - 19. Let a be i(3). Let k = 41 - 85. Let m = a - k. List the prime factors of m.
2, 5
Let d = 11051 - 6379. Let g = -2793 + d. List the prime factors of g.
1879
Suppose -3*m + 16 = -r, -5 = 5*r + 3*m - 15. Let i be ((-1)/3)/(r*5/90). List the prime factors of -2*(-1)/i*147.
7
Let t = 1195 + -665. Suppose -t = -53*b + 58*b. Let u = b + 165. What are the prime factors of u?
59
Let x be 2*-1 - ((-204)/4 + 3). Suppose 0 = 4*h + 206 - x. Let z = -25 - h. List the prime factors of z.
3, 5
What are the prime factors of 14024 - 8 - (2 - 10)?
2, 1753
Suppose -3*h - 2*y + 107760 = 0, -9*y = -2*h - 13*y + 71840. List the prime factors of h.
2, 5, 449
Let n = 81439 - 52307. What are the prime factors of n?
2, 7283
Let t be (16/4)/24*0. Suppose t = -11*i + 9916 + 8333. What are the prime factors of i?
3, 7, 79
Suppose 8 = 4*v - 12. Suppose 0 = v*w + 3*f - 20, -2*w + 7*w - 20 = 4*f. List the prime factors of w/10 - 2176/(-10).
2, 109
Suppose -3*b + 3 = -2*b. Let i(m) = -m**2 - 12*m - 15. Let n be i(-10). Suppose -k = -n*h + k + 589, b*k = -5*h + 579. List the prime factors of h.
3, 13
Let q(l) = -5*l**2 - 53*l - 13. Let j(z) = z + 8. Let a be j(-18). Let o be q(a). Suppose -7*d + 18 = -o. What are the prime factors of d?
5
Let q = 369 - 383. What are the prime factors of (-542)/8*(q + 6)?
2, 271
Let c(t) = t + 23. Let q be c(-20). What are the prime factors of q + 754/8 - (-21)/28?
2, 7
Let o = 4010 + 852. What are the prime factors of o?
2, 11, 13, 17
Let n be ((-170)/(-68))/((-9)/(-10) + -1). What are the prime factors of (-2540)/n - (-9)/(-15)?
101
Suppose -24*f + 70886 + 35962 = 0. Suppose -37*a = -432 - f. List the prime factors of a.
2, 3, 11
Let h(i) = -2499*i - 15. Let q be h(-5). Suppose 29*k - 9*k = q. List the prime factors of k.
2, 3, 13
Suppose 1493412 = 39*f + 464007. List the prime factors of f.
5, 5279
Let w(u) = 1161*u**3 - 5*u**2 - 46*u + 200. List the prime factors of w(4).
2, 5, 29
Let m = 43 - 41. Let i be (-134)/(-4) - (-3)/6. Let z = i - m. List the prime factors of z.
2
Let p be 5 + 1 + (-9 - (6 + -15)). What are the prime factors of (1588/p)/(20/30)?
397
Suppose 44*a - 5902 - 302 = 0. What are the prime factors of 88031/a + (2/(-3))/2?
2, 3, 13
Let l(j) = -1 + 0 + 433*j**2 + 3 + 4*j - 309*j**2. Let q be (-2)/(3 - 1)*1. What are the prime factors of l(q)?
2, 61
Suppose 4*s - 6 = -2. Let i be 5/s*1*(0 + 1). Suppose 6 = -i*j + 181. List the prime factors of j.
5, 7
Suppose 21161 - 5635 = 7*v. Let h = v + -1476. What are the prime factors of h?
2, 7, 53
Suppose x = -86*x + 43*x + 814132. What are the prime factors of x?
18503
Suppose -7*y - 10 = -2*k - 3*y, -4*k - 4*y = 28. What are the prime factors of 7 + 592 - ((-2)/(-2) + k)?
601
Suppose 0 = 3*d + 4*a - 2824, 28*d - 30*d = 2*a - 1886. Suppose -268*m - d = -271*m. List the prime factors of m.
2, 79
Let d(j) be the second derivative of -7*j**5/20 + j**4/3 - j**3/6 - 2*j**2 - 2*j. Let h be d(2). Let y = 82 + h. List the prime factors of y.
2, 3
Let a = 12770 - 5844. What are the prime factors of a?
2, 3463
Let u(g) = 3*g**2 + 3*g + 161. Suppose -5*z + k = 1, z + 38 - 35 = 3*k. List the prime factors of u(z).
7, 23
Let v(z) = -19*z + 3. Let i be v(-2). Let o(h) = 2*h**2 - 69*h - 36. What are the prime factors of o(i)?
7, 71
Let d(o) = -1444*o + 81. What are the prime factors of d(-6)?
3, 5, 11, 53
Let t(j) = 6*j**2 - 2*j. Let c be t(-1). Suppose -c*g = -3*g - 5*i - 120, -3*g + 72 = -2*i. List the prime factors of g.
2, 3
Let d(g) = 7*g**2 + 3*g + 2. Let f(i) = i**2 - i + 1. Let n(h) = -d(h) + f(h). Let v be n(-4). What are the prime factors of (v/(-2))/(1/2)?
3
Suppose 0 = 961*n - 909*n - 3264779 + 188927. List the prime factors of n.
3, 19717
Let m be 2 + (-2123)/(-21) + (-84)/882. Suppose -306 - m = -x. What are the prime factors of x?
409
Let d = -9226 + 9692. What are the prime factors of d?
2, 233
Let b(w) = -2880*w + 65817. What are the prime factors of b(0)?
3, 71, 103
Let p(d) = -3*d - 14. Let x be p(-7). Suppose 0*w - x*w = -35. Suppose 2 = -3*v + w*a + 1, 0 = 5*v + 2*a - 19. List the prime factors of v.
3
Let k(n) = -n**3 + 5*n**2 + 7*n - 2. Let s be k(6). Suppose -s*x + 3 = -813. Suppose 12*w - x = 10*w. List the prime factors of w.
2, 3, 17
Let h = -1158 + 2625. Suppose h = 3*u - 432. List the prime factors of u.
3, 211
Let s(c) = c**3 - 9*c**2 - c + 31. Let o be s(11). Suppose o + 464 = 3*u. List the prime factors of u.
2, 11
Let z be 58/(((-2)/78)/(1/(-2))). Suppose -6*w + z = -3*w. What are the prime factors of w?
13, 29
Suppose -43*f + 39*f = 5*v - 20181, 4*f + 4 = 0. What are the prime factors of v?
11, 367
Let m(f) = -f**3 + 15*f**2 - 14*f - 9. Let p be 5/(-20) - (-98)/8. List the prime factors of m(p).
3, 5, 17
Let g be 7*(4 - (8 + -5)). Suppose -g*r + 1875 = 8*r. List the prime factors of r.
5
Suppose -p + 84 = 13*p. Suppose -5*u + 0*u = -2640. Suppose -p*v - 2*v + u = 0. List the prime factors of v.
2, 3, 11
Let g = 11968 - 5163. What are the prime factors of g?
5, 1361
Let q(v) = -v**3 - 2*v**2 + 11*v + 4597. List the prime factors of q(0).
4597
Let m = -8615 - -9454. What are the prime factors of m?
839
Let n(y) be the second derivative of y**4/12 - y**3/2 - 4*y**2 + 63*y. Let q(r) = -r**2 - 2*r. Let x be q(2). What are the prime factors of n(x)?
2, 5
Suppose -5*i + 27187 = -10113. Suppose 4*s = 4*o - i, 4*o + 4*s - 6010 = 1442. List the prime factors of o.
2, 233
Suppose 2063 - 259 = 11*h. Suppose 0 = h*t - 173*t + 2853. What are the prime factors of t?
317
Suppose -3*d = -3751 + 382. Let i = d - 363. What are the prime factors of i?
2, 5, 19
Let n(s) = -s**3 + 9*s**2 + 12*s + 8. Let b be n(10). Suppose -7*o + 987 = -28. Suppose 3*c = -b + o. What are the prime factors of c?
3, 13
Let a(i) = -17*i - 227. Let w be a(-13). Let h(u) = -111*u + 372. What are the prime factors of h(w)?
2, 3, 173
Let x(o) = -26 + 12*o**2 + 7*o - o**2 - 9 + 33. What are the prime f